?
3
What is the ten thousands digit of 3180227?
8
What is the units digit of 1917528569?
9
What is the ten thousands digit of 88325582?
2
What is the hundreds digit of 1501779802?
8
What is the hundred thousands digit of 5621381455?
3
What is the thousands digit of 284251622?
1
What is the hundreds digit of 2400236604?
6
What is the tens digit of 3363945065?
6
What is the tens digit of 3316449377?
7
What is the thousands digit of 72852818?
2
What is the units digit of 370622774?
4
What is the ten millions digit of 489361748?
8
What is the hundred thousands digit of 1218592194?
5
What is the hundred thousands digit of 1443427283?
4
What is the tens digit of 256108254?
5
What is the tens digit of 1506298742?
4
What is the millions digit of 277454154?
7
What is the ten millions digit of 474886721?
7
What is the tens digit of 2147381025?
2
What is the tens digit of 7006339130?
3
What is the ten millions digit of 3983822888?
8
What is the ten millions digit of 131315779?
3
What is the hundreds digit of 2578108764?
7
What is the millions digit of 2044222861?
4
What is the tens digit of 344237870?
7
What is the thousands digit of 41742644?
2
What is the units digit of 1903394292?
2
What is the ten thousands digit of 2140702545?
0
What is the millions digit of 573321223?
3
What is the millions digit of 91837879?
1
What is the millions digit of 213809711?
3
What is the ten thousands digit of 597431839?
3
What is the hundreds digit of 1334376456?
4
What is the hundreds digit of 459755736?
7
What is the millions digit of 734431178?
4
What is the thousands digit of 120482305?
2
What is the billions digit of 1599853047?
1
What is the ten thousands digit of 287012585?
1
What is the hundred thousands digit of 3844880863?
8
What is the ten millions digit of 2424805970?
2
What is the hundred millions digit of 132896648?
1
What is the thousands digit of 20641314?
1
What is the ten millions digit of 702031693?
0
What is the units digit of 139430999?
9
What is the units digit of 5935609500?
0
What is the millions digit of 23712020?
3
What is the units digit of 133565318?
8
What is the millions digit of 94859921?
4
What is the ten thousands digit of 32847988?
4
What is the tens digit of 1547168010?
1
What is the hundred millions digit of 386108318?
3
What is the ten thousands digit of 148747461?
4
What is the hundred thousands digit of 5653286508?
2
What is the hundred millions digit of 1542333644?
5
What is the tens digit of 393932782?
8
What is the hundreds digit of 1427345?
3
What is the millions digit of 3039583?
3
What is the ten millions digit of 988588487?
8
What is the units digit of 319351598?
8
What is the tens digit of 85750276?
7
What is the units digit of 642489526?
6
What is the billions digit of 1272114558?
1
What is the millions digit of 69788645?
9
What is the units digit of 308176802?
2
What is the ten thousands digit of 60773824?
7
What is the hundreds digit of 287812662?
6
What is the millions digit of 1106390784?
6
What is the units digit of 333480425?
5
What is the hundred millions digit of 143639797?
1
What is the ten millions digit of 233719785?
3
What is the units digit of 53697932?
2
What is the ten millions digit of 243062784?
4
What is the millions digit of 180430882?
0
What is the thousands digit of 1726904611?
4
What is the tens digit of 99350840?
4
What is the hundred millions digit of 303242048?
3
What is the hundred millions digit of 3365571128?
3
What is the units digit of 92809653?
3
What is the hundred thousands digit of 7506245?
5
What is the hundred millions digit of 288303995?
2
What is the hundred millions digit of 435213326?
4
What is the units digit of 57491248?
8
What is the millions digit of 4793506?
4
What is the millions digit of 1019708037?
9
What is the units digit of 536202804?
4
What is the tens digit of 41539710?
1
What is the hundred millions digit of 178556372?
1
What is the thousands digit of 1360024014?
4
What is the hundred millions digit of 154387173?
1
What is the tens digit of 1027498998?
9
What is the ten millions digit of 3100741639?
0
What is the tens digit of 257078397?
9
What is the hundred thousands digit of 36078343?
0
What is the units digit of 241136856?
6
What is the hundred thousands digit of 850351049?
3
What is the hundred millions digit of 307646544?
3
What is the ten millions digit of 156058641?
5
What is the billions digit of 1244806936?
1
What is the thousands digit of 2177997851?
7
What is the hundred thousands digit of 33152937?
1
What is the hundreds digit of 8422198?
1
What is the units digit of 611751719?
9
What is the ten millions digit of 111084762?
1
What is the hundreds digit of 40475634?
6
What is the millions digit of 117523380?
7
What is the thousands digit of 896555?
6
What is the tens digit of 346084495?
9
What is the units digit of 6499704215?
5
What is the hundreds digit of 215204550?
5
What is the thousands digit of 81131901?
1
What is the hundreds digit of 380098535?
5
What is the hundred millions digit of 4802901377?
8
What is the hundred thousands digit of 596581211?
5
What is the ten millions digit of 160267078?
6
What is the thousands digit of 6578888574?
8
What is the hundreds digit of 1636206897?
8
What is the hundred thousands digit of 265995705?
9
What is the hundred thousands digit of 1543707288?
7
What is the tens digit of 347053622?
2
What is the hundreds digit of 28692914?
9
What is the hundreds digit of 1361731944?
9
What is the hundred millions digit of 196181642?
1
What is the hundred millions digit of 220166948?
2
What is the hundred thousands digit of 56342505?
3
What is the thousands digit of 94375200?
5
What is the hundreds digit of 24000130?
1
What is the billions digit of 2435593677?
2
What is the ten millions digit of 3961189463?
6
What is the ten thousands digit of 247143299?
4
What is the ten thousands digit of 42062798?
6
What is the tens digit of 91453597?
9
What is the millions digit of 338907252?
8
What is the ten thousands digit of 60184592?
8
What is the hundreds digit of 50509320?
3
What is the hundred thousands digit of 181238061?
2
What is the ten millions digit of 142996960?
4
What is the ten millions digit of 160410276?
6
What is the hundred millions digit of 233392072?
2
What is the hundred millions digit of 211984717?
2
What is the ten millions digit of 2210880940?
1
What is the hundred thousands digit of 80401304?
4
What is the thousands digit of 1729490338?
0
What is the millions digit of 13819779?
3
What is the ten millions digit of 61000022?
6
What is the units digit of 136855305?
5
What is the hundred thousands digit of 2215144808?
1
What is the billions digit of 1799397757?
1
What is the hundred thousands digit of 32621190?
6
What is the ten millions digit of 51944832?
5
What is the hundreds digit of 1740107599?
5
What is the units digit of 69090468?
8
What is the thousands digit of 27500565?
0
What is the hundred thousands digit of 54563941?
5
What is the millions digit of 69401560?
9
What is the ten thousands digit of 377968873?
6
What is the tens digit of 721157464?
6
What is the millions digit of 2206081238?
6
What is the hundred thousands digit of 2683964335?
9
What is the ten thousands digit of 410206015?
0
What is the tens digit of 826900394?
9
What is the billions digit of 4221690444?
4
What is the ten thousands digit of 542936658?
3
What is the hundred thousands digit of 2807723283?
7
What is the ten millions digit of 15747371?
1
What is the millions digit of 583036102?
3
What is the hundred millions digit of 379776232?
3
What is the tens digit of 354595687?
8
What is the hundreds digit of 5070627856?
8
What is the thousands digit of 90320227?
0
What is the ten millions digit of 26027320?
2
What is the thousands digit of 316047846?
7
What is the ten thousands digit of 70360891?
6
What is the thousands digit of 1556077446?
7
What is the tens digit of 550959538?
3
What is the tens digit of 79985548?
4
What is the hundred thousands digit of 4765621?
7
What is the ten millions digit of 132888338?
3
What is the tens digit of 54784849?
4
What is the ten millions digit of 75372453?
7
What is the units digit of 431187631?
1
What is the thousands digit of 348830437?
0
What is the units digit of 46579589?
9
What is the units 